 0. Suppose -2*o + c*o = -38. Let i = o - -65. List the prime factors of i.
3
Suppose -3*f - f - 8 = 2*q, 4*f + q + 8 = 0. Let o(c) = 2791 - 1399 - 2*c - 1396 + 14*c**2. What are the prime factors of o(f)?
2, 7
Suppose 1925 = 3*q - j, 1909 = 3*q - 8*j + 3*j. List the prime factors of q.
643
Suppose 0 = -0*c - 5*c. Suppose c = 2*r + 201 - 67. What are the prime factors of (-3)/9 + r/(-3)?
2, 11
What are the prime factors of (4 + -3)/(3/1788)?
2, 149
Let l be 1 - (-1 - 1*18). Suppose -2*p - 2*p + 4*m + l = 0, -10 = -2*p + 5*m. Suppose 3*x + x = 2*b - 32, -3*x = p*b - 15. What are the prime factors of b?
2, 3
Let i be 30/25*25/3. Suppose 0 = i*c - 2605 + 155. List the prime factors of c.
5, 7
Let d be 1 - -5 - (20 + -23). Let c(a) = a**3 - 8*a**2 - 9*a + 16. List the prime factors of c(d).
2
List the prime factors of 6 + (55/11 - -132).
11, 13
Let p be (-6)/(-10) - 66/(-15). Suppose -4*a + 7 = 3*c, 0 = -p*c + 8 - 3. List the prime factors of a + 12*2/3.
3
Let b(z) = 3*z**2 - 3*z + 3. Let i(v) = -11*v - 3 + 4*v - 2*v**2 + 9*v**2 + 10. Let m(x) = -9*b(x) + 4*i(x). What are the prime factors of m(6)?
31
Let s(w) = w**3 + 3*w**2 - w - 3. Let m be s(-2). Suppose -k + 16 = m*k. Suppose k*y - 141 - 15 = 0. What are the prime factors of y?
3, 13
Let x be (-1 - -4)*(-16)/12. List the prime factors of (-3)/x*54 + (-5)/(-10).
41
Let s = 6 + -6. Suppose s = 4*d - 8*d + 128. Let t = 59 - d. What are the prime factors of t?
3
Let p = -21 + 144. Suppose 2*i = -m + 32, 4*m + i = -2*i + p. What are the prime factors of m?
2, 3, 5
Let g = 22 + -29. Let w(c) = c**3 + 5*c**2 - 8*c - 2. Let z be w(-6). Let j = g + z. What are the prime factors of j?
3
Let l = -591 + 1285. List the prime factors of l.
2, 347
Let k = -403 + 229. Let m = k - -426. List the prime factors of m.
2, 3, 7
Suppose -11*v - 275 = -6*v. Let g = v - -110. What are the prime factors of g?
5, 11
Let k be 2/12 - (-51)/18. Suppose -y - 2*p = -10, k*y - 2*p = 3*p - 14. Suppose -5*n + 59 = 3*i, -y*n - 3 + 5 = 0. List the prime factors of i.
2, 3
Let f(t) = -23*t - 142*t**2 + 11 + 74*t**2 + 67*t**2. What are the prime factors of f(-19)?
3, 29
Suppose -7*y + 8*y = 3. Suppose -2*t - 47 = 2*u - 141, 0 = 4*t + y*u - 183. List the prime factors of t.
2, 3, 7
Let j(z) = -2*z**2. Let i be j(1). Let x be (0 + (-1 - i))*-6. Let s(g) = g**2 + 3*g + 1. List the prime factors of s(x).
19
Suppose -3*b - 1980 = -2*r, 3*r - 19*b - 2963 = -18*b. List the prime factors of r.
3, 7, 47
Let g(o) = 103*o**2 - 18*o + 47. List the prime factors of g(3).
2, 5, 23
Suppose 0 = 3*y - 77 - 43. Suppose 6*t - 4*t = y. What are the prime factors of t?
2, 5
List the prime factors of 90/210 + 1912/14.
137
Suppose -4*m + 690 = -2*l, 3*m - 3*l - 2*l = 514. Suppose -m = -4*a + 691. Suppose 44 + a = 5*k. What are the prime factors of k?
2, 13
Suppose -b = -f + 1017, 0 = 2*f - 5*b + 143 - 2165. What are the prime factors of f?
1021
Suppose -4*i + 1109 = m, -24*m + 25*m + i = 1103. List the prime factors of m.
3, 367
Suppose 0 = -4*u - 96 + 292. Let g = -7 + 9. Suppose -5*w + g = -3, -3*w = 2*p - u. List the prime factors of p.
23
Suppose 0 = 5*a - 0*a - 40. Let m(f) = -f**2 - 7 - 3 + 4 + a*f. List the prime factors of m(5).
3
Suppose -5*p - 7 = 8. Let s = p - -219. List the prime factors of s.
2, 3
Let o(r) = -69*r - 14. Let k(s) = s - 4. Let h be k(1). What are the prime factors of o(h)?
193
Let y(q) = -7*q**2 - 5*q - 4. Let w(j) = j - 1. Let n(c) = -3*w(c) - y(c). Let z(m) = 5*m**2 + 12*m + 10. Let h be z(-1). List the prime factors of n(h).
2, 19
Let b be 479/9 - (-2)/(-9). Let s = b + 119. What are the prime factors of s?
2, 43
Let a(g) = 21*g - 2. Let h be a(-1). Let r = h + 17. Let x(o) = -5*o - 13. What are the prime factors of x(r)?
17
Let p = 6 + 12. Let o be (-40)/p + 20/90. List the prime factors of o + (58 - 3) + -1.
2, 13
Suppose 1792 = 22*f - 37148. List the prime factors of f.
2, 3, 5, 59
Let m(o) = -18*o**3 + 7*o**2 + 10*o - 7. List the prime factors of m(-5).
2, 37
Suppose 0 = 9*a - 4*a - 165. Let n = a - 19. Suppose -m = -n - 57. List the prime factors of m.
71
Let s = -670 - -1301. List the prime factors of s.
631
Let o(z) = -z**2 + 6*z + 122. Let c be o(0). Suppose 2 = -4*b + 22. Suppose 0 = -b*j + c - 17. What are the prime factors of j?
3, 7
Let x(r) = r**2 + 6*r + 6. Let v be x(-6). Let l be (22/v)/(6/36). Let w = l - 5. List the prime factors of w.
17
Suppose -49*a + 3574 + 3727 = 0. List the prime factors of a.
149
Suppose 4*q - q - 3847 = -4*t, -3*t + 3*q + 2880 = 0. What are the prime factors of t?
31
List the prime factors of (-1567 + 2 - -2)*(-7)/7.
3, 521
Let k(q) = -q**3 - 8*q**2 + 17 - 3*q**2 + 11*q**2. Let l be k(0). Suppose -l - 15 = -2*i. List the prime factors of i.
2
Let m(h) = -5*h + 104. Let j = -55 + 55. What are the prime factors of m(j)?
2, 13
Let r(q) = -q**2 + 6*q + 2. Let g(o) = o**3 - o**2 + 1. Let j be g(2). Let c be r(j). Suppose -c*h + 80 = -2*h. List the prime factors of h.
2
Let y = -34 + 96. Suppose -2*u - 68 = -x, 2*u + 79 - 3 = -3*x. Let f = u + y. What are the prime factors of f?
3
Let j = 3 + 2. Suppose 60 = -j*s + 395. Let o = s + -47. What are the prime factors of o?
2, 5
Let w = -15 - -21. Suppose 3*m - 8 = -y, -m = -2*m - 2*y + w. List the prime factors of m.
2
Let q = 1361 - 581. Suppose -7*b + 333 = -q. What are the prime factors of b?
3, 53
Let j(s) be the third derivative of 3*s**4/4 - 29*s**3/6 + 6*s**2. Let g be j(12). Suppose -2*d = -5*a - 77, -4*d + g = 4*a - 37. List the prime factors of d.
3, 17
List the prime factors of (-1)/7 - (7 - 97911/63).
7, 13, 17
Let w(k) = -k**2 + 13*k - 6. Let p be w(5). What are the prime factors of (p - -2)*(-2)/(-3)?
2, 3
Let w = 14 + -18. Let x(u) = -9*u + 3. Let y be x(w). What are the prime factors of y/2 - (-11)/22?
2, 5
Let g be (0 - -16) + (-2 - 0). Let x(r) = r**3 - 12*r**2 + 8*r - 6. Let b be x(11). List the prime factors of b*(-3 + g/6).
2, 13
Suppose 0 = 69*l - 64*l - 12890. What are the prime factors of l?
2, 1289
Let b(q) = 2*q**3 - 7*q**2 + 2*q + 22. What are the prime factors of b(5)?
107
Let w(m) = m**3 - 7*m**2 - 3*m. Let f be w(6). List the prime factors of (90/f)/(2/(-6)).
5
Suppose 4*g = 3*g - 20. What are the prime factors of (-5)/g - (-590)/8?
2, 37
Let k(o) = -72*o**2 - 22*o + 16. Let q(r) = 24*r**2 + 7*r - 5. Let d(g) = 2*k(g) + 7*q(g). Let n be d(2). Suppose n = 2*f - 17. List the prime factors of f.
2, 3, 5
Let w(k) be the third derivative of k**5/20 - 5*k**4/12 + 8*k**3/3 + 19*k**2. List the prime factors of w(4).
2, 3
Let z(j) be the third derivative of -j**7/240 + 3*j**5/20 + 6*j**2. Let m(q) be the third derivative of z(q). What are the prime factors of m(-2)?
2, 3, 7
Let a be (-26)/65 - (-34)/10. Suppose 2*p - 64 = a*j, -5*p + 93 = -2*p - 3*j. List the prime factors of p.
29
Let f = -7 + -2. List the prime factors of (411/f)/((-2)/6 + 0).
137
Let f = 303 - 242. What are the prime factors of f?
61
Let f = -4735 + 8544. List the prime factors of f.
13, 293
Let m(w) = -5*w - 75. What are the prime factors of m(-20)?
5
Let u be 1*(-5 + 6/2) + 11. Let z = u - -107. List the prime factors of z.
2, 29
Suppose 4*i - 53 = -v, -5*i = v - 70 + 12. Suppose -m = -1, c - 2*c = m - v. List the prime factors of c.
2
Suppose -5*y - 6 = -7*y. Suppose -y*o = -7 - 2. Suppose -o*j + 101 = 2*j - 4*r, -j + r = -20. List the prime factors of j.
3, 7
Suppose 0 = -11*w + 8*w - 45. Let p = w - -15. Suppose 5*d + 5*k - 100 = p, d - 25 = -5*k + 3*k. What are the prime factors of d?
3, 5
Suppose -31*f + 14509 - 249 = 0. What are the prime factors of f?
2, 5, 23
Let k(y) = 30*y**3 - 12*y**2 + 12*y + 2. What are the prime factors of k(4)?
2, 7, 127
Let q be ((-8)/(-16))/((-1)/(-4)). What are the prime factors of (((-3479)/14)/(-7))/(q/4)?
71
Suppose 3*l - 18 - 33 = 3*f, -3*l + 5*f + 41 = 0. Suppose l*h = 26*h - 20. List the prime factors of h.
5
Let q be 3*7/(63/12). Let w = q + 2. What are the prime factors of (-4)/w + (-160)/(-6)?
2, 13
Suppose 4*c - 5*x + 2 = -1, x = 5*c - 12. Suppose 85 = c*p - 11. List the prime factors of p.
2
Let t(v) be the third derivative of 5*v**4/12 - 7*v**3/3 - 7*v**2. List the prime factors of t(7).
2, 7
Let h(y) = -3*y - 1. Let s = 3 + -4. List the prime factors of h(s).
2
Let n(u) = u + 4. Let z be n(-4). 